q(-46).
-54
Let c(w) = -48138*w + 45. Calculate c(0).
45
Let k(w) = 2*w**2 + 10049*w - 80400. What is k(8)?
120
Let s(k) = -22974*k + 597239. Calculate s(26).
-85
Let r(k) = -k**3 - 153*k**2 - 5843*k + 348. Give r(-75).
-177
Let u(f) = -f**2 + 362*f - 7962. Calculate u(21).
-801
Let j(v) = -v**3 - 402*v**2 + 1192*v - 8981. What is j(-405)?
334
Let n(i) = -3*i**3 - 127*i**2 - 939*i + 1669. What is n(-32)?
-27
Let f(m) = m**3 - 260*m**2 + 67*m - 16303. What is f(260)?
1117
Let d(a) = 278*a**2 + 14181*a + 232. Calculate d(-51).
79
Let q(x) = -1469*x + 348145. What is q(237)?
-8
Let z(t) = 161*t - 344. What is z(2)?
-22
Let j(s) = -3286*s - 26412. Calculate j(-8).
-124
Let x(g) = -g**2 - 14241*g + 915493. What is x(64)?
-27
Let k(t) = 188*t**2 + 40*t - 107. Determine k(3).
1705
Let p(z) = -z**2 + 2562*z - 22978. Give p(9).
-1
Let m(s) = -4*s**2 + 1304*s - 106055. Determine m(170).
25
Let y(u) = -1338*u + 147206. Calculate y(110).
26
Let b(f) = -f**3 - 115*f**2 - 1626*f + 77. Calculate b(-16).
749
Let o(r) = -125065*r**2 - 1000522*r - 5. Give o(-8).
11
Let u(g) = 2*g**2 - 7764*g + 6761191. Calculate u(1319).
-3
Let f(m) = m**3 + 89*m**2 + 855*m - 209. Determine f(-78).
25
Let u(t) = 9662*t + 628056. Calculate u(-65).
26
Let b(v) = -48105*v + 1250736. Determine b(26).
6
Let a(z) = 34696*z**2 - 22*z + 37. What is a(0)?
37
Let z(l) = -277849*l - 1111389. Give z(-4).
7
Let b(v) = -v**3 - 6*v**2 + 44*v + 2. What is b(4)?
18
Let p(n) = 2*n**3 + 186*n**2 - 369*n + 498. Give p(-95).
-547
Let a(p) = p**2 - 242*p + 9984. Give a(52).
104
Let i(x) = -140*x**2 + 2205*x + 561. Give i(16).
1
Let f(p) = 47*p**2 + 42*p - 238. Give f(2).
34
Let h(i) = i**3 + 24*i**2 - 2954*i - 79582. Give h(-28).
-6
Let a(p) = -p**3 + 21*p**2 + 46*p - 1016. Determine a(7).
-8
Let i(y) = 2*y**3 + 178*y**2 - 899*y + 3841. Determine i(-94).
-13
Let h(f) = -f**3 - 42*f**2 - 71*f + 341. Calculate h(-40).
-19
Let g(o) = o**3 + 88*o**2 + 290*o + 10123. Determine g(-86).
-25
Let u(p) = -2*p**3 + 28*p**2 + 26*p - 526. Give u(17).
-1818
Let c(p) = p**3 + 1086*p**2 - 1319*p - 252207. Determine c(-1087).
-23
Let k(p) = -p**3 - 246*p**2 + 246*p + 71. Determine k(-247).
318
Let g(t) = -4236*t + 84652. Give g(20).
-68
Let q(b) = 915318*b - 6407232. Give q(7).
-6
Let u(j) = 18*j**2 - 288*j - 97. Determine u(14).
-601
Let h(w) = w**3 + 82*w**2 - 1018*w - 64854. Give h(-85).
1
Let m(t) = -44217*t + 1414946. Calculate m(32).
2
Let v(c) = -c**3 - 386*c**2 - 26625*c + 123. Calculate v(-90).
-1227
Let k(h) = 13*h + 1249. What is k(-137)?
-532
Let s(w) = 24*w**2 - 309*w - 1644. Calculate s(17).
39
Let x(f) = -31*f**3 - 214*f**2 + 4*f - 8. Calculate x(-7).
111
Let j(w) = -w**3 + 78*w**2 - 1353*w + 180. What is j(52)?
128
Let y(b) = 4*b**2 + 617*b + 17879. What is y(-38)?
209
Let x(i) = 2197*i**2 + 13168*i - 92. Give x(-6).
-8
Let k(w) = -2843*w + 22698. Give k(8).
-46
Let h(o) = -575*o - 216201. Give h(-376).
-1
Let d(s) = 5*s**2 + 12919*s - 64711. Give d(5).
9
Let r(h) = -60*h - 3061. Calculate r(-52).
59
Let a(v) = -909*v - 10141. What is a(-9)?
-1960
Let o(f) = -5*f**3 + 64*f**2 + 143*f - 284. What is o(13)?
1406
Let r(z) = -543*z + 11073. Give r(21).
-330
Let o(p) = -7*p**3 - 131*p - 78. Determine o(0).
-78
Let i(v) = -282*v**3 - 25*v**2 - 64*v - 40. Give i(-1).
281
Let u(a) = a**3 + 57*a**2 + 280*a + 1038. Determine u(-52).
-2
Let t(y) = -y**3 - 150*y**2 + 4454*y + 685833. Determine t(-149).
-14
Let q(d) = 3*d**3 - 19*d**2 - 8523*d + 34200. What is q(4)?
-4
Let g(q) = q**3 + 38*q**2 - 1350*q - 50313. Determine g(-41).
-6
Let x(q) = 130*q + 14400. Give x(-111).
-30
Let n(a) = 316*a - 15419. Calculate n(50).
381
Let n(a) = 3490*a + 219864. Give n(-63).
-6
Let q(u) = -3359*u + 453452. Calculate q(135).
-13
Let i(p) = 16*p**2 - 1035*p + 232. Calculate i(65).
557
Let p(f) = -2*f**3 + 160*f**2 + 147*f - 325. Determine p(81).
-1540
Let o(b) = 20*b**3 + 2447*b + 2448. Calculate o(-1).
-19
Let v(s) = 3*s**3 + 130*s**2 - 85*s + 265. What is v(-44)?
133
Let s(n) = -11741*n - 1326724. Give s(-113).
9
Let m(s) = -s**3 - 13*s**2 + 352*s + 4164. Determine m(-20).
-76
Let s(t) = 8*t**2 - 79*t - 11507. What is s(-33)?
-188
Let s(l) = 3286*l + 11331. Determine s(-3).
1473
Let m(v) = -2*v**3 + 253*v**2 - 5653*v + 68. Give m(29).
126
Let u(x) = -2*x**3 + 20*x**2 + 378*x - 3809. Determine u(11).
107
Let l(f) = -6998*f - 34882. Calculate l(-5).
108
Let s(x) = -x**3 - 206*x**2 + 10139*x + 2944. Calculate s(-247).
-20
Let t(g) = -3567*g + 221165. Determine t(62).
11
Let m(k) = -4*k**2 + 196*k + 41708. Determine m(130).
-412
Let h(k) = -14*k**3 + 49*k**2 - 42*k + 104. Calculate h(3).
41
Let l(t) = -9*t**2 + 554*t + 93023. Determine l(137).
0
Let l(s) = 6*s**2 - 362*s - 989. What is l(63)?
19
Let p(y) = 112044*y - 672353. Determine p(6).
-89
Let r(g) = -g**3 + 53*g**2 + 235*g - 451. Give r(57).
-52
Let k(v) = 3*v**2 + 38*v + 529. What is k(-7)?
410
Let i(s) = 2*s**2 - 74*s - 2245. Calculate i(-21).
191
Let w(c) = -c**2 + 1237*c + 582743. Calculate w(-364).
-21
Let s(t) = 2500*t + 365041. What is s(-146)?
41
Let a(z) = z**3 + 219*z**2 + 2125*z + 215. Determine a(-10).
-135
Let t(k) = k**3 - 12*k**2 - 1246*k + 7509. Give t(6).
-183
Let w(c) = -7*c**3 - 578*c**2 + 256*c + 207. Determine w(-83).
-374
Let v(s) = -3473*s - 48472. Calculate v(-14).
150
Let z(s) = -2384*s + 915416. What is z(384)?
-40
Let h(f) = -30804*f - 92107. Calculate h(-3).
305
Let m(y) = 10*y**3 + 13*y**2 - 45*y - 265. Calculate m(-6).
-1687
Let y(v) = 68*v**3 + 835*v**2 - 645*v - 107. Calculate y(-13).
-3
Let p(i) = 2*i**3 - 45*i**2 - 215*i + 7. Calculate p(-5).
-293
Let r(h) = -36*h**3 - 538*h**2 - 200*h - 3502. Determine r(-15).
-52
Let v(l) = 93*l + 26047. Calculate v(-271).
844
Let h(t) = t**2 + 89*t + 1438. What is h(-20)?
58
Let g(i) = i**3 - i**2 - 590*i + 237. Give g(-24).
-3
Let r(p) = -102315*p - 613890. Give r(-6).
0
Let g(x) = 521*x - 48391. Give g(93).
62
Let r(n) = -806201*n**2 - 806194*n - 1. Give r(-1).
-8
Let r(l) = 27*l**2 - 1515*l - 4593. Calculate r(59).
9
Let y(h) = 9*h**2 - 764*h - 5895. Calculate y(92).
-7
Let w(y) = -3*y**3 + 66*y**2 - 344*y + 5879. Determine w(21).
-22
Let t(l) = -14*l - 1354. Give t(-29).
-948
Let j(n) = 472309*n + 5667711. Give j(-12).
3
Let d(j) = j**3 - 15*j**2 - 62*j + 73. Give d(18).
-71
Let l(b) = b**3 - 38*b**2 + 96*b + 351. What is l(5)?
6
Let h(t) = -2*t**3 + 38*t**2 - 230*t - 77. Give h(12).
-821
Let g(i) = i**2 + 6*i - 538. What is g(-29)?
129
Let f(c) = 503*c - 2511. Determine f(7).
1010
Let x(i) = i**2 - 2721*i + 912979. Give x(392).
11
Let g(i) = 470*i + 65983. What is g(-141)?
-287
Let x(s) = s**3 + 116*s**2 - 619*s + 15. What is x(6)?
693
Let m(w) = 9*w**2 + 130*w + 402. What is m(-3)?
93
Let l(r) = -r**2 - 165*r - 4065. Calculate l(-134).
89
Let h(q) = q**3 - 104*q**2 - 37*q + 3835. Determine h(104).
-13
Let v(z) = -z**3 - 116*z**2 - 664*z - 408. Determine v(-110).
32
Let o(a) = 18901*a + 1814487. Calculate o(-96).
-9
Let k(l) = -40*l + 8990. Give k(229).
-170
Let b(x) = -6*x**2 - 1476*x + 4326. Determine b(-249).
-156
Let j(l) = -4*l**2 + 73565*l + 220705. What is j(-3)?
-26
Let h(t) = -24784*t + 1140074. Calculate h(46).
10
Let q(y) = -4*y**3 - 754*y**2 + 3473*y - 174. Determine q(-193).
19
Let r(n) = -140*n - 45506. What is r(-325)?
-6
Let u(p) = -10*p**2 + 17*p + 119. Give u(-5).
-216
Let h(v) = -45*v**2 + 2036*v + 345. What is h(47)?
-3368
Let w(z) = 9*z**3 - 35*z**2 + 101*z - 393. Determine w(4).
27
Let o(b) = b**2 - 426*b - 73440. Determine o(558).
216
Let t(x) = -587*x - 100981. What is t(-172)?
-17
Let x(v) = 1625*v**2 - 19414*v + 62. Give x(12).
1094
Let s(j) = -j**3 - 45*j**2 + 190*j - 395. Give s(-49).
-101
Let p(t) = -8*t**3 + 111*t**2 + 194*t + 85. Calculate p(-1).
10
Let v(b) = -889*b - 3700. What is v(-5)?
745
Let s(z) = -8*z**2 - 295*z - 2556. Give s(-21).
111
Let s(c) = c**3 + 6*c**2 - 326*c - 1128. Give s(17).
-23
Let o(x) = -2*x**2 + 24632*x - 147703. Calculate o(6).
17
Let g(t) = 2*t**3 + 73*t**2 - 201*t - 8454. Calculate g(-36).
78
Let y(j) = -69444*j + 138890. Calculate y(2).
2
Let z(q) = q**2 + 1208*q + 28419. Calculate z(-24).
3
Let h(s) = -s**3 - 45*s**2 + 213*s - 1. Calculate h(4).
67
Let k(i) = 14*i + 4144. Determine k(-247).
686
Let w(d) = 16*d**2 + 503*d - 600. Deter